{"id":259,"date":"2024-12-07T15:57:36","date_gmt":"2024-12-07T20:57:36","guid":{"rendered":"https:\/\/nevizatravelchannel.com\/?page_id=259"},"modified":"2024-12-11T20:59:10","modified_gmt":"2024-12-12T01:59:10","slug":"el-misterio-de-las-huacas-del-antisuyo","status":"publish","type":"page","link":"https:\/\/nevizatravelchannel.com\/index.php\/el-misterio-de-las-huacas-del-antisuyo\/","title":{"rendered":"El Misterio de las Huacas del Antisuyo"},"content":{"rendered":"\n<p>Este es un Tour Peatonal que se realiza pr\u00e1cticamente por los limites de la ciudad de Cusco, iniciamos a las 9:00 am y nuestro Gu\u00eda los recoger\u00e1 de su hotel para llevarlos con la movilidad hacia el punto de inicio de la caminata, para desde ahi visitar el Templo de la Luna y proseguir por la Huaca Kusilluchayoq, caminando por un tramo del camino Inka del Qhapaq \u00d1an, para seguir por la Huaca Cheqtaqaqa donde tendremos una vista paisaj\u00edstica fabulosa de Cusco, para  finalmente concluir en la Huaca de Teteqaqa.<\/p>\n\n\n\n<p>La caminata es de bajada y no requiere gran esfuerzo f\u00edsico, dura aproximadamente 4 horas. Estas Huacas son de mucho misterio y toda la interpretaci\u00f3n del Gu\u00eda tiene que ver con temas relacionados a la UFOLOG\u00cdA<\/p>\n\n\n\n<figure class=\"wp-block-image size-full is-resized\"><img loading=\"lazy\" decoding=\"async\" width=\"420\" height=\"315\" src=\"https:\/\/nevizatravelchannel.com\/wp-content\/uploads\/2024\/12\/Kusilluchayoq-2.jpg\" alt=\"\" class=\"wp-image-368\" style=\"width:778px;height:auto\" srcset=\"https:\/\/nevizatravelchannel.com\/wp-content\/uploads\/2024\/12\/Kusilluchayoq-2.jpg 420w, https:\/\/nevizatravelchannel.com\/wp-content\/uploads\/2024\/12\/Kusilluchayoq-2-300x225.jpg 300w\" sizes=\"auto, (max-width: 420px) 100vw, 420px\" \/><figcaption class=\"wp-element-caption\"><strong>Huaca Kusilluchayoq &#8211; UFO TURISMO<\/strong><\/figcaption><\/figure>\n\n\n\n<figure class=\"wp-block-image size-large is-resized\"><img loading=\"lazy\" decoding=\"async\" width=\"1024\" height=\"576\" src=\"https:\/\/nevizatravelchannel.com\/wp-content\/uploads\/2024\/12\/cheqtaqaqa-Huaca-1024x576.jpg\" alt=\"\" class=\"wp-image-369\" style=\"width:791px;height:auto\" srcset=\"https:\/\/nevizatravelchannel.com\/wp-content\/uploads\/2024\/12\/cheqtaqaqa-Huaca-1024x576.jpg 1024w, https:\/\/nevizatravelchannel.com\/wp-content\/uploads\/2024\/12\/cheqtaqaqa-Huaca-300x169.jpg 300w, https:\/\/nevizatravelchannel.com\/wp-content\/uploads\/2024\/12\/cheqtaqaqa-Huaca.jpg 1280w\" sizes=\"auto, (max-width: 1024px) 100vw, 1024px\" \/><figcaption class=\"wp-element-caption\"><strong>Huaca Cheqtaqaqa &#8211; UFO TURISMO<\/strong><\/figcaption><\/figure>\n\n\n\n<p><\/p>\n","protected":false},"excerpt":{"rendered":"<p>Este es un Tour Peatonal que se realiza pr\u00e1cticamente por los limites de la ciudad de Cusco, iniciamos a las 9:00 am y nuestro Gu\u00eda los recoger\u00e1 de su hotel para llevarlos con la movilidad hacia el punto de inicio de la caminata, para desde ahi visitar el Templo de la Luna y proseguir por &hellip; <\/p>\n<p class=\"link-more\"><a href=\"https:\/\/nevizatravelchannel.com\/index.php\/el-misterio-de-las-huacas-del-antisuyo\/\" class=\"more-link\">Leer m\u00e1s<span class=\"screen-reader-text\"> \u00abEl Misterio de las Huacas del Antisuyo\u00bb<\/span><\/a><\/p>\n","protected":false},"author":1,"featured_media":0,"parent":0,"menu_order":0,"comment_status":"closed","ping_status":"closed","template":"","meta":{"footnotes":""},"class_list":["post-259","page","type-page","status-publish","hentry"],"featured_media_urls":[],"_links":{"self":[{"href":"https:\/\/nevizatravelchannel.com\/index.php\/wp-json\/wp\/v2\/pages\/259","targetHints":{"allow":["GET"]}}],"collection":[{"href":"https:\/\/nevizatravelchannel.com\/index.php\/wp-json\/wp\/v2\/pages"}],"about":[{"href":"https:\/\/nevizatravelchannel.com\/index.php\/wp-json\/wp\/v2\/types\/page"}],"author":[{"embeddable":true,"href":"https:\/\/nevizatravelchannel.com\/index.php\/wp-json\/wp\/v2\/users\/1"}],"replies":[{"embeddable":true,"href":"https:\/\/nevizatravelchannel.com\/index.php\/wp-json\/wp\/v2\/comments?post=259"}],"version-history":[{"count":3,"href":"https:\/\/nevizatravelchannel.com\/index.php\/wp-json\/wp\/v2\/pages\/259\/revisions"}],"predecessor-version":[{"id":437,"href":"https:\/\/nevizatravelchannel.com\/index.php\/wp-json\/wp\/v2\/pages\/259\/revisions\/437"}],"wp:attachment":[{"href":"https:\/\/nevizatravelchannel.com\/index.php\/wp-json\/wp\/v2\/media?parent=259"}],"curies":[{"name":"wp","href":"https:\/\/api.w.org\/{rel}","templated":true}]}}