{"id":261,"date":"2024-12-07T15:59:33","date_gmt":"2024-12-07T20:59:33","guid":{"rendered":"https:\/\/nevizatravelchannel.com\/?page_id=261"},"modified":"2024-12-11T20:12:09","modified_gmt":"2024-12-12T01:12:09","slug":"el-secreto-de-las-piedras-talladas","status":"publish","type":"page","link":"https:\/\/nevizatravelchannel.com\/index.php\/el-secreto-de-las-piedras-talladas\/","title":{"rendered":"Las Incre\u00edbles Piedras Talladas"},"content":{"rendered":"\n<p>Este Tour es un poco distante de la ciudad, salimos de Cusco a las 8:30 am, para despu\u00e9s de 45 minutos llegar a \u00abQuillarumiyoq\u00bb  una Huaca que tiene un tallado realmente sorprendente, el lugar es amplio par visitar, es opcional visitar zonas aleda\u00f1as. Despu\u00e9s de esta visita continuamos el viaje y esta vez nos vamos en direcci\u00f3n al Valle Sagrado de los Inkas para visitar una Huaca \u00fanica, \u00ab\u00d1aupa Iglesia\u00bb un lugar de mucha energ\u00eda y misterio.<\/p>\n\n\n\n<p>La caminata tiene una pendiente en una parte, pero se realiza sin prisa, todo el recorrido, desde la salida de Cusco hasta el retorno es de 5 horas aproximadamente, toda la interpretaci\u00f3n del Gu\u00eda tiene que ver con temas relacionados a la UFOLOG\u00cdA<\/p>\n\n\n\n<figure class=\"wp-block-image size-full is-resized\"><img loading=\"lazy\" decoding=\"async\" width=\"640\" height=\"359\" src=\"https:\/\/nevizatravelchannel.com\/wp-content\/uploads\/2024\/12\/Quillarumiyoc.jpg\" alt=\"\" class=\"wp-image-356\" style=\"width:736px;height:auto\" srcset=\"https:\/\/nevizatravelchannel.com\/wp-content\/uploads\/2024\/12\/Quillarumiyoc.jpg 640w, https:\/\/nevizatravelchannel.com\/wp-content\/uploads\/2024\/12\/Quillarumiyoc-300x168.jpg 300w\" sizes=\"auto, (max-width: 640px) 100vw, 640px\" \/><figcaption class=\"wp-element-caption\"><strong>El Misterio de Quillarumiyoq<\/strong> &#8211; UFO TURISMO<\/figcaption><\/figure>\n\n\n\n<figure class=\"wp-block-image size-large is-resized\"><img loading=\"lazy\" decoding=\"async\" width=\"1024\" height=\"768\" src=\"https:\/\/nevizatravelchannel.com\/wp-content\/uploads\/2024\/12\/Naupa-iglesia-Edw-1-1024x768.jpg\" alt=\"\" class=\"wp-image-357\" style=\"width:728px;height:auto\" srcset=\"https:\/\/nevizatravelchannel.com\/wp-content\/uploads\/2024\/12\/Naupa-iglesia-Edw-1-1024x768.jpg 1024w, https:\/\/nevizatravelchannel.com\/wp-content\/uploads\/2024\/12\/Naupa-iglesia-Edw-1-300x225.jpg 300w, https:\/\/nevizatravelchannel.com\/wp-content\/uploads\/2024\/12\/Naupa-iglesia-Edw-1.jpg 1600w\" sizes=\"auto, (max-width: 1024px) 100vw, 1024px\" \/><figcaption class=\"wp-element-caption\"><strong>\u00d1aupa Iglesia<\/strong> &#8211; UFO TURISMO<\/figcaption><\/figure>\n","protected":false},"excerpt":{"rendered":"<p>Este Tour es un poco distante de la ciudad, salimos de Cusco a las 8:30 am, para despu\u00e9s de 45 minutos llegar a \u00abQuillarumiyoq\u00bb una Huaca que tiene un tallado realmente sorprendente, el lugar es amplio par visitar, es opcional visitar zonas aleda\u00f1as. Despu\u00e9s de esta visita continuamos el viaje y esta vez nos vamos &hellip; <\/p>\n<p class=\"link-more\"><a href=\"https:\/\/nevizatravelchannel.com\/index.php\/el-secreto-de-las-piedras-talladas\/\" class=\"more-link\">Leer m\u00e1s<span class=\"screen-reader-text\"> \u00abLas Incre\u00edbles Piedras Talladas\u00bb<\/span><\/a><\/p>\n","protected":false},"author":1,"featured_media":0,"parent":0,"menu_order":0,"comment_status":"closed","ping_status":"closed","template":"","meta":{"footnotes":""},"class_list":["post-261","page","type-page","status-publish","hentry"],"featured_media_urls":[],"_links":{"self":[{"href":"https:\/\/nevizatravelchannel.com\/index.php\/wp-json\/wp\/v2\/pages\/261","targetHints":{"allow":["GET"]}}],"collection":[{"href":"https:\/\/nevizatravelchannel.com\/index.php\/wp-json\/wp\/v2\/pages"}],"about":[{"href":"https:\/\/nevizatravelchannel.com\/index.php\/wp-json\/wp\/v2\/types\/page"}],"author":[{"embeddable":true,"href":"https:\/\/nevizatravelchannel.com\/index.php\/wp-json\/wp\/v2\/users\/1"}],"replies":[{"embeddable":true,"href":"https:\/\/nevizatravelchannel.com\/index.php\/wp-json\/wp\/v2\/comments?post=261"}],"version-history":[{"count":3,"href":"https:\/\/nevizatravelchannel.com\/index.php\/wp-json\/wp\/v2\/pages\/261\/revisions"}],"predecessor-version":[{"id":358,"href":"https:\/\/nevizatravelchannel.com\/index.php\/wp-json\/wp\/v2\/pages\/261\/revisions\/358"}],"wp:attachment":[{"href":"https:\/\/nevizatravelchannel.com\/index.php\/wp-json\/wp\/v2\/media?parent=261"}],"curies":[{"name":"wp","href":"https:\/\/api.w.org\/{rel}","templated":true}]}}