{"id":295,"date":"2024-12-08T20:28:59","date_gmt":"2024-12-09T01:28:59","guid":{"rendered":"https:\/\/nevizatravelchannel.com\/?page_id=295"},"modified":"2024-12-10T18:52:52","modified_gmt":"2024-12-10T23:52:52","slug":"inti-punku","status":"publish","type":"page","link":"https:\/\/nevizatravelchannel.com\/index.php\/inti-punku\/","title":{"rendered":"Inti Punku"},"content":{"rendered":"\n<p>En el Valle Sagrado de los Inkas, a casi 1 hora y 15 minutos de Cusco, se encuentra Ollantaytambo, desde ese lugar existe un camino que conduce a  un lugar fabuloso con una vista paisaj\u00edstica incre\u00edble, es la Portada de Inti Punku, una edificaci\u00f3n inka construida por los inkas frente al Nevado de Huacaywillka, un Apu protector de este lugar. El Marco paisaj\u00edstico es extraordinario, ya que desde su punto mas alto se puede apreciar toda la belleza del fabuloso valle Sagrado de los Inkas.<\/p>\n\n\n\n<p>Conocer esta belleza arquitect\u00f3nica, sin embargo tiene un precio, y ese, es tener un buen estado f\u00edsico, la caminata parte de una Comunidad cerca de Ollantaytambo, y se arriba al lugar despu\u00e9s de casi 3 horas de subida, dependiendo del ritmo de caminata; llegar a la famosa portada de Inti Punku, es todo un desafio y un reto para todo aquel que guste del Trekking.<\/p>\n\n\n\n<figure class=\"wp-block-image size-full is-resized\"><img loading=\"lazy\" decoding=\"async\" width=\"884\" height=\"588\" src=\"https:\/\/nevizatravelchannel.com\/wp-content\/uploads\/2024\/12\/Intipunko-foto-2.png\" alt=\"\" class=\"wp-image-320\" style=\"width:778px;height:auto\" srcset=\"https:\/\/nevizatravelchannel.com\/wp-content\/uploads\/2024\/12\/Intipunko-foto-2.png 884w, https:\/\/nevizatravelchannel.com\/wp-content\/uploads\/2024\/12\/Intipunko-foto-2-300x200.png 300w, https:\/\/nevizatravelchannel.com\/wp-content\/uploads\/2024\/12\/Intipunko-foto-2-600x400.png 600w\" sizes=\"auto, (max-width: 884px) 100vw, 884px\" \/><\/figure>\n","protected":false},"excerpt":{"rendered":"<p>En el Valle Sagrado de los Inkas, a casi 1 hora y 15 minutos de Cusco, se encuentra Ollantaytambo, desde ese lugar existe un camino que conduce a un lugar fabuloso con una vista paisaj\u00edstica incre\u00edble, es la Portada de Inti Punku, una edificaci\u00f3n inka construida por los inkas frente al Nevado de Huacaywillka, un &hellip; <\/p>\n<p class=\"link-more\"><a href=\"https:\/\/nevizatravelchannel.com\/index.php\/inti-punku\/\" class=\"more-link\">Leer m\u00e1s<span class=\"screen-reader-text\"> \u00abInti Punku\u00bb<\/span><\/a><\/p>\n","protected":false},"author":1,"featured_media":0,"parent":0,"menu_order":0,"comment_status":"closed","ping_status":"closed","template":"","meta":{"footnotes":""},"class_list":["post-295","page","type-page","status-publish","hentry"],"featured_media_urls":[],"_links":{"self":[{"href":"https:\/\/nevizatravelchannel.com\/index.php\/wp-json\/wp\/v2\/pages\/295","targetHints":{"allow":["GET"]}}],"collection":[{"href":"https:\/\/nevizatravelchannel.com\/index.php\/wp-json\/wp\/v2\/pages"}],"about":[{"href":"https:\/\/nevizatravelchannel.com\/index.php\/wp-json\/wp\/v2\/types\/page"}],"author":[{"embeddable":true,"href":"https:\/\/nevizatravelchannel.com\/index.php\/wp-json\/wp\/v2\/users\/1"}],"replies":[{"embeddable":true,"href":"https:\/\/nevizatravelchannel.com\/index.php\/wp-json\/wp\/v2\/comments?post=295"}],"version-history":[{"count":3,"href":"https:\/\/nevizatravelchannel.com\/index.php\/wp-json\/wp\/v2\/pages\/295\/revisions"}],"predecessor-version":[{"id":321,"href":"https:\/\/nevizatravelchannel.com\/index.php\/wp-json\/wp\/v2\/pages\/295\/revisions\/321"}],"wp:attachment":[{"href":"https:\/\/nevizatravelchannel.com\/index.php\/wp-json\/wp\/v2\/media?parent=295"}],"curies":[{"name":"wp","href":"https:\/\/api.w.org\/{rel}","templated":true}]}}